v**2 - 464 - v. Give m(q).
13
Suppose -12 = -3*y - 3*z, z - 9 + 1 = -3*y. Let r be (-88)/(-110)*(-5)/y. Let f(k) = k**3 + 3*k**2 + k - 1. What is f(r)?
1
Let p(a) = -3*a - 4. Let i = 915 + -909. Give p(i).
-22
Let m(h) = 0 - 71 - 71*h + 237*h - 148*h. Calculate m(5).
19
Suppose 57*u = 91*u - 136. Let q(n) = -n**3 + 5*n**2 - 3*n - 4. Determine q(u).
0
Let h(z) = -139 + 91 + 49 - 18*z. What is h(1)?
-17
Let a be (-364)/(-130) + 1/5. Let g(b) = -4 - 3*b**2 - b - 3*b + 4*b**2 + 2*b**2 + a*b. Determine g(2).
6
Let m(i) be the second derivative of i**4/12 - 5*i**3/3 + 9*i**2/2 + i. Let h = 100 + -28. Let b = 81 - h. Give m(b).
0
Let i(v) = 9*v + 96. Suppose -150*q - 609 = 80 + 661. Determine i(q).
15
Suppose 0 = -2*o - 2*z - 2*z - 4, 0 = 3*o - 5*z - 16. Suppose -o*f = -5*w + 1, f + 0*f = -w + 10. Let q(h) = 4 - 14 - h**3 + f*h**2 + h + 0*h**3. What is q(7)?
-3
Let g(b) = 7*b**2 + 3*b + 2457. Let j(n) = -n**2 - n - 410. Let t(w) = -g(w) - 6*j(w). Suppose 2*z - 9 = -z. Let k = 2 + z. Calculate t(k).
-7
Let y(u) = -4*u**3 - 23*u**2 - 22*u - 50. Let w be y(-5). Let s(n) = -n**2 - 8*n + 110. Give s(w).
5
Let r be 4*5/(-100)*15. Let z(o) = 8*o + 4. Calculate z(r).
-20
Let m(r) = 2*r + 9. Let l = -4369 - -4367. Calculate m(l).
5
Let o(l) be the second derivative of l**5/20 + l**4/4 + l**3/6 - 2*l**2 + 3325*l. Calculate o(-2).
-2
Let d be 112/44 - (-348)/(-638). Let x(m) be the first derivative of -5 + 0*m - 3*m**d + 1/3*m**3. Give x(5).
-5
Suppose 2*g - 8 = 4*h - 8*h, 0 = -2*h - 2*g. Let j(n) = 3*n + 8. Let k(i) be the second derivative of i**2/2 + i. Let m(b) = h*k(b) - j(b). Determine m(-3).
5
Let p(r) = -r**2 + 46. Let s(d) = 177*d**2 + 3*d - 7. Let q be s(0). Give p(q).
-3
Let k(x) = 10*x**2 + 2840*x**3 - 31 + 5*x - 44 + 58 - x**2 - 2839*x**3. Give k(-8).
7
Let u(h) = 992*h - 186. Let t(v) = 6*v - 4. Let m(j) = -155*t(j) + u(j). Give m(-7).
0
Let v(o) = 2052 - 685 + 19*o - 685 - 681. Calculate v(4).
77
Let x(b) be the second derivative of b**5/10 - 11*b**4/12 - 5*b**3/3 + 8*b**2 + 548*b. Give x(6).
-8
Let j(o) be the third derivative of -o**6/360 + o**5/15 + 17*o**3/2 - o**2 + 2. Let v(f) be the first derivative of j(f). Calculate v(7).
7
Let p(w) = 16*w**3 + 156*w**2 + 65*w + 9. Let r(i) = -3*i**3 - 29*i**2 - 13*i - 2. Let k(c) = -2*p(c) - 11*r(c). Calculate k(-5).
-11
Let c(n) = 2*n**2 + 11*n - 2. Suppose -35*l + 1071 = 1351. What is c(l)?
38
Let r(b) = -3*b - 11. Suppose -4*j - i = 13, 34*i = 2*j + 39*i + 11. Determine r(j).
-2
Let n(i) be the second derivative of 6*i**2 - 5/3*i**3 + 0 - 66*i + 1/12*i**4. Let v = 31 - 22. Calculate n(v).
3
Let d(f) = -2*f**2 + 7*f - 14. Let r be -8*3/24*(2 + -7). Determine d(r).
-29
Suppose 1 = -k + u - 3, -21 = 4*k - 3*u. Let x(h) = -599*h + 11. Let p(q) = 150*q + 2. Let t(w) = -4*p(w) - x(w). Determine t(k).
-10
Let h(s) = 5 - 4*s + 22 - s**2 - 26 + 0. Let d(o) = o**3 + 4*o**2 + 4*o + 3. Let w be d(-2). Suppose w*r + 1 = -8. Determine h(r).
4
Let a be ((-28)/7 - -16)*(-2)/4. Let c(f) = -f**2 - f + 31. Give c(a).
1
Let n(a) be the first derivative of -16*a**2 - 28*a - 4379. Calculate n(-2).
36
Let o(p) = 3*p**2 + 47*p + 26. Let r(z) = -39*z + 180. Let q be r(5). Let u be o(q). Let g(n) = n**3 + 5*n**2 - 2*n. Determine g(u).
24
Let m be 6/(-33) - ((-736)/(-44))/(-4). Let p be m/(-22) + (-1690)/143. Let s(f) = -3*f - 37. Calculate s(p).
-1
Let n(o) = -192*o**2 + 189*o - 24. Let h(s) = 96*s**2 - 95*s + 11. Let m(w) = -13*h(w) - 6*n(w). Calculate m(1).
6
Suppose -5*h = -0*h + 5. Let y(d) be the second derivative of 1/3*d**4 - 65*d + 1/2*d**2 + 0 + 0*d**3. Give y(h).
5
Let q(u) = -234*u + 20 - u**3 + 283*u - 841*u**2 + 819*u**2. Determine q(-24).
-4
Let x(g) be the third derivative of -5*g**4/24 + 2*g**3 - 71*g**2. Let v(n) = 12*n - 799. Let o be v(67). What is x(o)?
-13
Let r(w) = 6*w**3 - 2*w**2 - 3*w + 4. Let n(g) = -12*g**3 + 4*g**2 + 7*g - 10. Let x = 234 - 232. Let d(c) = x*n(c) + 5*r(c). Calculate d(-1).
-7
Let t = -2472 + 2463. Let o(r) = -r**3 - 10*r**2 - 7*r + 1. Determine o(t).
-17
Let o be (-2)/3*9/(-51) - (-1311)/(-1173). Let v(a) = 4*a**3 + 3*a**2 + 4*a + 2. What is v(o)?
-3
Let q = 517 + -520. Let l be -4 + (q - (-18)/3). Let w(t) = -12*t - 2. What is w(l)?
10
Let i(s) = 10*s - 134 - s**2 - 123 - s**2 + 263 + 7*s - 13*s. Suppose -y + 1 + 3 = 0. Calculate i(y).
-10
Let l be 4*(10 + (-507)/52). Let v(h) = -6*h**2 + 15*h - 14. Give v(l).
-5
Let u(j) = -4 - 18*j + 22*j + 158843*j**2 - 158844*j**2. Let w = 6 - 1. Determine u(w).
-9
Let w(v) = v**3 - 6*v. Let l(y) = -y**3 - 21*y**2 + 33*y - 301. Let r be l(-23). Give w(r).
4
Let n(u) = u**2 - 3*u - 4. Suppose -9*b = -7 - 29. Let a be 2/(b/10) - -1. Determine n(a).
14
Let p be 5/(20/(-6))*120/(-36). Suppose -4*z + 5*u - 21 = 0, -p*z - 4*u - 3 = 13. Let v(r) = -3 - r + r - r. What is v(z)?
1
Let p = -21/79 - -995/474. Let y(l) be the second derivative of 0 - 15*l - p*l**3 - 1/2*l**2. Give y(-1).
10
Let s(t) be the second derivative of -t**3/2 - t**2/2 - t. Let j = 97 + -97. Let f be (j - 2) + -1 + 2. What is s(f)?
2
Let p(t) = -9*t - 1. Let o(r) = 20*r - 117. Let s be o(6). Suppose s = 10*b - 7*b. Determine p(b).
-10
Let y(d) be the third derivative of d**5/10 + d**4/6 - 4*d**3/3 + 2*d**2 + 66*d + 9. Give y(4).
104
Let l(b) be the first derivative of b**2/2 + 4*b + 13. Suppose 9*n - 47 = 25. Suppose -6*z = -n*z. Calculate l(z).
4
Let q(f) = -f**2 - 22*f + 2. Let j(p) = -2*p**3 - 73*p**2 + 23*p - 528. Let o be j(-37). What is q(o)?
122
Let y = 69279 - 69283. Let k(h) = -h**2 - h. Let f(u) = 6*u**2 + 7*u + 5. Let c(q) = f(q) + 5*k(q). Determine c(y).
13
Let l = 800 + -799. Let n(w) = 140*w**3 - 26*w**3 - 2*w - 32*w**3 - 20*w**3 + l - 19*w**3. Give n(1).
42
Let d(s) = -s**2 + s. Let x = 0 + 1. Let i(q) = -5 + q + 55*q**2 - 2 + 52*q**2 + 5 - 105*q**2. Let v(n) = x*i(n) + d(n). Calculate v(-5).
13
Let b(x) = -x**3 + 11*x**2 + 3*x - 24. Let p be (0 + -1)*1/((-3)/3). Let f(y) = 11*y**3 - y**2 + 1. Let s be f(p). Let c be b(s). Let v(r) = r - 10. Give v(c).
-1
Let i(u) = -5041*u + 3. Let j(h) = -8822*h + 5. Let k(g) = -7*i(g) + 4*j(g). Let z = -1 + 4. Give k(z).
-4
Let m(z) be the first derivative of -z**6/360 - z**5/30 + z**3 - 64. Let b(n) be the third derivative of m(n). Determine b(-4).
0
Let h = 341 - 580. Let c = h - -240. Let k(v) = -15*v**3 + v**2 + v - 1. Determine k(c).
-14
Let u(y) be the third derivative of y**5/60 + y**4/24 - y**3/2 - 5*y**2 - y. Let h be 18/7 + (-21)/(-49). Calculate u(h).
9
Let x be (-10 - -8) + 10/2. Let h(s) = 4 - 278*s**3 + 3*s + 4*s**2 + 558*s**x - 279*s**3. What is h(-3)?
4
Let t(u) = u**3 + 10*u**2 + 4*u - 31. Suppose 1939*k - 1893*k = -414. Calculate t(k).
14
Let d(b) be the third derivative of -b**6/120 - b**5/10 - 11*b**4/24 - 7*b**3/6 - 11*b**2 + 17*b. Give d(-4).
5
Let j(q) = 364*q + 107. Let r(m) = 29*m + 9. Let f(v) = 2*j(v) - 25*r(v). What is f(7)?
10
Let p(t) = -22 - 587*t + 45*t + 549*t. Give p(11).
55
Let y(i) = 32*i**2 - 161 - 25*i**2 + 80 + 82. Let m(h) = h**2 + h - 1. Let a be m(1). What is y(a)?
8
Suppose 17 = 2*x + 3. Let c = 10 - x. Suppose -y = -c*y + 5*k - 4, 0 = 5*y - 5*k - 5. Let h(u) = u**3 - 5*u**2 + 3*u - 4. Calculate h(y).
-13
Let t(g) = g**3 - 27*g**2 - 1. Let r(v) = -3*v**3 + 80*v**2 + 1. Let m(i) = 6*r(i) + 17*t(i). Calculate m(21).
-11
Let m(o) be the second derivative of -3*o - 7/24*o**4 + 3/40*o**5 + 0*o**2 + 3*o**3 + 0 - 1/360*o**6. Let y(s) be the second derivative of m(s). What is y(5)?
13
Suppose 2*z = -s + 13, s - 32 + 15 = -3*z. Let m(q) = 11*q - 12. What is m(z)?
32
Let u(z) = -2*z**3 + 41*z**2 + z. Let v(b) = -9*b**3 + 200*b**2 - b + 27. Let p(w) = -5*u(w) + v(w). Determine p(3).
-9
Let j(v) = 5*v + 38. Let m be j(-6). Let q(s) = s**3 - 7*s**2 - 3*s - 4. Let u be q(m). Let h be (-6)/u*16*(-3)/4. Let w(x) = -x + 2. Give w(h).
0
Let f = 475 - 482. Let v be (f/(-21))/(9/(-162)). Let r(h) = -h**2 - 9*h - 3. What is r(v)?
15
Suppose 386*s - 116 + 572 = 310*s. Let f(o) = -36*o - 227. What is f(s)?
-11
Let k(y) = 2*y + 1 + 2 - 2 + 2*y**2. Let m(z) = 2*z**3 - 79*z**2 + 98*z + 605. Let s be m(38). Give k(s).
13
Let h be -1*((-35)/175 + (-28)/10). Let u(z) be the third derivative of -z**4/6 + 4*z**3/3 - z**2. Let k(j) = 2*j - 4. Let q(r) = -13*k(r) - 6*u(r). Give q(h).
-2
Let q(v) be the first deriva